**3 + 4*o**2 - 3*o**2 - o**3. What is the remainder when -2*(-6)/14*21 - -5 is divided by r(-1)?
5
Suppose 2*a - 21 = 5*a. Let h = a + 21. Suppose -8 + 58 = 10*q. What is the remainder when h is divided by q?
4
Let x be (3/5)/(3/(-15)). Let z(t) = -7*t**2 - 4*t - 3. Let q be z(x). Let b = -7 - q. What is the remainder when b is divided by 16?
15
Let m = 17 - 3. Suppose -w - 2 = m. Let u(t) = -2*t - 24. Calculate the remainder when 14 is divided by u(w).
6
Suppose 0 = b - y - 4 - 9, 2*b - 6 = -3*y. What is the remainder when 58 is divided by b?
4
Suppose -27*f - 1794 + 5952 = 0. What is the remainder when f is divided by 12?
10
Let v(p) = -18*p - 17 + 3*p**2 - 6*p**2 + 2*p**2. Calculate the remainder when 58 is divided by v(-16).
13
Suppose 4 = 2*u, z = -0*u - u + 8. Suppose 2*l = 4*k - 40, -4*k + l - z*l = -40. What is the remainder when 79 is divided by k?
9
Let y = 1562 - 1542. What is the remainder when 68 is divided by y?
8
What is the remainder when 49 is divided by (-74)/(-4) + (-40)/(-80)?
11
Let q = -45 - -47. Suppose 5*b = 4*w - 120, q*b - 92 = -4*w - 0*b. Calculate the remainder when w is divided by 10.
5
Let k(t) = -t**2 + 9*t - 5. What is the remainder when 27 is divided by k(5)?
12
Suppose -483 = 37*x - 58*x. Calculate the remainder when 160 is divided by x.
22
Suppose -8 + 13 = m. Suppose 0 = m*v + 27 - 117. What is the remainder when 70 is divided by v?
16
Let t(m) be the third derivative of -19*m**4/24 - 4*m**3/3 - 23*m**2. What is the remainder when t(-5) is divided by 11?
10
Suppose 5*w - 3*t = 2*t - 5, 2*t - 2 = 4*w. Suppose w = 4*g - 5*l - 69, -l = 4*l + 25. What is the remainder when 54 is divided by g?
10
Let z(g) = 2*g**3 + g**2 - 66*g + 1. Calculate the remainder when z(7) is divided by 56.
50
Let v be 1 - 4/8*1*-216. Let a = v + -82. Calculate the remainder when a is divided by 14.
13
Calculate the remainder when 104 is divided by (-13)/(-1) - (-51 + 49).
14
Suppose 978 = 28*l - 114. What is the remainder when 103 is divided by l?
25
Let o = 395 - 362. Calculate the remainder when 657 is divided by o.
30
Suppose 85*v - 501 = 434. Let q(t) = 15*t**3 + 2*t**2 + 2*t - 3. What is the remainder when q(2) is divided by v?
8
Suppose 118*d = 116*d - 5*o + 107, 3*d - o = 203. Calculate the remainder when d is divided by 34.
32
Suppose 4*o - 20 = 0, 3*s - 658 = -22*o + 17*o. Calculate the remainder when s is divided by 56.
43
Suppose b - 33 = -2*b. Suppose -3*z = -13 - b. Suppose 4*u - 20 = -4*p, -z = -6*p + 3*p + 4*u. What is the remainder when 13 is divided by p?
1
Calculate the remainder when 442 is divided by 28/(-10) + 3 - 236/(-20).
10
Let g = 0 + 5. Let t = 97 - -181. Suppose -52 - t = -15*f. Calculate the remainder when f is divided by g.
2
Suppose 4*b + 3*n + 86 = 0, 3*n - 86 - 8 = 5*b. Let t = -90 - -61. Let g = b - t. Calculate the remainder when 25 is divided by g.
7
Let r(i) = i**3 - 6*i**2 - 5*i - 9. Let j = -1113 + 1135. Calculate the remainder when j is divided by r(7).
2
Suppose -5*m - 20 = 0, -4*u = 17*m - 13*m - 1588. What is the remainder when u is divided by 101?
98
Suppose z + 2*z - 5*r - 113 = 0, -3*r - 74 = -2*z. Calculate the remainder when 119 is divided by z.
26
Let h be ((2 - 2)/(-2))/(-3). Suppose 4*w + 8*n - 69 = 3*n, h = 4*n + 12. Suppose -j + 4*j - 2*s = w, 0 = -3*s. What is the remainder when 12 is divided by j?
5
Suppose -w + 180 = 4*w. Let v = -8 + 10. Suppose 5*k + 3*o = 50, v*k + 2*k - 3*o - 67 = 0. Calculate the remainder when w is divided by k.
10
Suppose 0 = 7*c - 12*c + 125. Suppose 5*j = 4*m - 284, -3*m - 2*j - 42 = -255. What is the remainder when m is divided by c?
21
Let n(y) = -39*y - 134. What is the remainder when 371 is divided by n(-4)?
19
Suppose 4*g - 344 = 4*n, -g + 96 = -2*n - n. Calculate the remainder when 1455 is divided by g.
78
Let q(w) = -w. Let v be q(4). Let k(d) = d**2 + 3*d - 2. What is the remainder when 3 is divided by k(v)?
1
Suppose 2*f - 23 = -17, -687 = -3*w + 4*f. Calculate the remainder when w is divided by 51.
29
What is the remainder when (3276/(-140))/(2/(-30)) is divided by 22?
21
Let w(b) = b**2 + 2*b. Suppose -3*r + 9 = -3*v, 75*r - 72*r = -5*v + 25. What is the remainder when w(-3) is divided by v?
1
Let f(s) = -s**3 - 15*s**2 - 2*s + 16. Calculate the remainder when 136 is divided by f(-15).
44
Suppose 8*n - 16 = 24. Suppose -n*q - 8*g + 4*g = -722, 4*q - g - 565 = 0. What is the remainder when q is divided by 18?
16
What is the remainder when 385 is divided by 4*(-11 - -14)*33/12?
22
Let m(y) = 2*y + 48. Let q be m(-22). What is the remainder when q/10 + 168/5 is divided by 12?
10
Suppose -4*c = -2*m + 17 + 73, c = 1. Calculate the remainder when 185 is divided by m.
44
Suppose 4*f - i = -2*i + 101, -2*f - 2*i = -58. Suppose 7*d = d + f. Let m(h) = -h**2 - 5*h - 1. Calculate the remainder when d is divided by m(-4).
1
Let a(r) = -r**3 - 8*r**2 - 11*r - 21. Calculate the remainder when 3/((-9)/(-48))*2 is divided by a(-7).
4
Let p be 3/12*4*0. Let z be 1/2 - 40/(-16). Suppose 4*o = 2*d + z*d - 14, 5*d + 5*o - 50 = p. What is the remainder when 10 is divided by d?
4
Let i be (10/6)/((-2)/(-6)). Suppose 0 = -0*a - i*a. Suppose a*o + 3*o = 42. What is the remainder when o is divided by 8?
6
Suppose -40 = -3*y + 11. Let h = -37 - -66. Calculate the remainder when h is divided by y.
12
Let u(i) = 245*i. Let w be u(1). Let y be (-1)/(-2) - w/(-14). Suppose 10 = 3*p + 4*q - 10, 0 = 2*p + 5*q - y. Calculate the remainder when 6 is divided by p.
2
Suppose 2*q + 61 = -7. Let c = q + 53. Calculate the remainder when c is divided by 11.
8
Let f = -6 + 10. What is the remainder when (-5 - -7)/(f/38) is divided by (0 - -2)*15/3?
9
Let u(o) = 51*o + 10. What is the remainder when 215 is divided by u(1)?
32
Let f be 1047 + (1 - -2 - 0). Suppose 3*j + 638 = 5*x, 5*j + 0*x - 5*x = -f. Calculate the remainder when 10/35 + j/(-14) is divided by 9.
6
Suppose -11*p - 79 = -233. What is the remainder when p is divided by (-88)/(-14) + 4/(-14)?
2
Calculate the remainder when 82 is divided by 4/22 - 20502/(-374).
27
Suppose 0 = -5*w - 2*v - 3*v + 20, 3*w = -5*v + 14. Suppose 0 = -w*m + 12, -2*a + 18 + 22 = 4*m. Calculate the remainder when 34 is divided by a.
10
Let o = 1514 - 1456. What is the remainder when o is divided by (1 - 10/4)*-10?
13
Let v = -679 - -733. What is the remainder when 104 is divided by v?
50
Let g = -7 + 34. Let n(o) = 6 + 0*o + 13 - o - 4. What is the remainder when g is divided by n(0)?
12
Let b(w) = 2*w**3 - 2*w + 3. Let s(v) = v**2 + 10*v + 13. Calculate the remainder when s(-10) is divided by b(0).
1
Suppose 4*o + 2*w - 220 = 0, 3*o - 65 = -3*w + 100. What is the remainder when 108 is divided by o?
53
Let w = 16 + -40. Calculate the remainder when (32/w)/(2/(-63)) is divided by 9.
6
Let h(f) = -20*f - 5 + 3 + 8*f. What is the remainder when h(-1) is divided by 5?
0
What is the remainder when 46 is divided by 11/((-55)/(-100))*(-2)/(-4)?
6
Let x be ((-18)/(-12))/((-2)/(-12)). Let j = x - 8. Suppose j = d - 11. Calculate the remainder when 22 is divided by d.
10
Let g = -19 + 23. Suppose 0 = -m + 1, g*a - 3*m - 109 = 0. What is the remainder when a is divided by 10?
8
Let i(s) = 3*s - 24. What is the remainder when 16 is divided by i(11)?
7
Let a(u) = 3*u - 16. Let q be a(6). Suppose 7*n = -q*h + 3*n + 24, 5*n = 2*h + 12. What is the remainder when 16 is divided by h?
0
Let m = 975 - 941. Calculate the remainder when 57 is divided by m.
23
Let p = 32 - 28. Let u(k) = 1. Let v(r) = 2*r - 2. Let y(m) = -u(m) + v(m). What is the remainder when y(8) is divided by p?
1
Suppose 2*l = a - 55, -l - 5*a - 30 = -8. Let m = l - -65. Calculate the remainder when m is divided by 13.
12
Let q be (6 + -8)/((-4)/(-6)). Calculate the remainder when 145 is divided by ((-1)/q)/(2/222).
34
Suppose 0 = 2*c + 5*x - 30, 8*c + 4*x + 66 = 10*c. Let l(d) = -10*d**3 - 1. Calculate the remainder when c is divided by l(-1).
7
Let q(t) = -t**2 - 21*t + 11. What is the remainder when q(-14) is divided by 48?
13
Let g = -2 - -7. Let o(d) = 3*d**2 - 6*d. Let r be o(g). Calculate the remainder when 22 is divided by (2/(-5))/((-3)/r).
4
Suppose -4*w - 4*i + 4 = -12, 3*i + 16 = 4*w. Suppose w*z + 3*b - 129 = z, 3*b = 6. Calculate the remainder when z is divided by 11.
8
Let h(k) 